ded by 492?
31
Calculate the remainder when 1196 is divided by 296.
12
Calculate the remainder when 76408 is divided by 550.
508
What is the remainder when 27332 is divided by 13661?
10
What is the remainder when 91450 is divided by 12?
10
Calculate the remainder when 21933 is divided by 3124.
65
Calculate the remainder when 12554 is divided by 192.
74
Calculate the remainder when 271729 is divided by 55.
29
Calculate the remainder when 725036 is divided by 454.
452
What is the remainder when 12160 is divided by 65?
5
What is the remainder when 18813 is divided by 571?
541
Calculate the remainder when 3809 is divided by 1251.
56
Calculate the remainder when 32442 is divided by 7.
4
Calculate the remainder when 5041493 is divided by 534.
533
Calculate the remainder when 6189 is divided by 1237.
4
Calculate the remainder when 85147 is divided by 17.
11
What is the remainder when 117302 is divided by 37?
12
What is the remainder when 3920 is divided by 8?
0
What is the remainder when 4084 is divided by 170?
4
What is the remainder when 78091 is divided by 9?
7
What is the remainder when 239777 is divided by 173?
172
Calculate the remainder when 2319 is divided by 507.
291
Calculate the remainder when 33376 is divided by 105.
91
What is the remainder when 879 is divided by 223?
210
Calculate the remainder when 1372304 is divided by 611.
609
What is the remainder when 773 is divided by 207?
152
What is the remainder when 1398439 is divided by 42?
7
Calculate the remainder when 482097 is divided by 920.
17
What is the remainder when 111278 is divided by 10115?
13
What is the remainder when 3233783 is divided by 1890?
1883
Calculate the remainder when 4294 is divided by 95.
19
What is the remainder when 2282 is divided by 757?
11
Calculate the remainder when 64186 is divided by 261.
241
What is the remainder when 11091 is divided by 664?
467
What is the remainder when 19402 is divided by 114?
22
What is the remainder when 180478 is divided by 65?
38
What is the remainder when 1800 is divided by 1798?
2
Calculate the remainder when 40932 is divided by 230.
222
What is the remainder when 4249 is divided by 4?
1
What is the remainder when 2744 is divided by 1366?
12
What is the remainder when 337588 is divided by 5?
3
Calculate the remainder when 1511360 is divided by 507.
500
Calculate the remainder when 860 is divided by 126.
104
What is the remainder when 7339 is divided by 664?
35
What is the remainder when 321 is divided by 104?
9
Calculate the remainder when 3941 is divided by 925.
241
Calculate the remainder when 5295 is divided by 1681.
252
Calculate the remainder when 67954 is divided by 14.
12
Calculate the remainder when 16136 is divided by 14.
8
Calculate the remainder when 1452 is divided by 1303.
149
Calculate the remainder when 7737 is divided by 135.
42
Calculate the remainder when 64915 is divided by 16225.
15
What is the remainder when 2893 is divided by 941?
70
Calculate the remainder when 1660 is divided by 423.
391
Calculate the remainder when 1945 is divided by 241.
17
Calculate the remainder when 308 is divided by 148.
12
Calculate the remainder when 13875 is divided by 4624.
3
What is the remainder when 34017 is divided by 567?
564
What is the remainder when 5973 is divided by 24?
21
Calculate the remainder when 12398 is divided by 2055.
68
Calculate the remainder when 534121 is divided by 59346.
7
What is the remainder when 574706 is divided by 14017?
9
What is the remainder when 796574 is divided by 501?
485
What is the remainder when 553354 is divided by 79?
38
What is the remainder when 161337 is divided by 60?
57
Calculate the remainder when 152662 is divided by 618.
16
What is the remainder when 282033 is divided by 166?
165
What is the remainder when 2219933 is divided by 1384?
1381
Calculate the remainder when 893 is divided by 218.
21
What is the remainder when 15850 is divided by 2119?
1017
Calculate the remainder when 130838 is divided by 40.
38
Calculate the remainder when 116378 is divided by 57.
41
What is the remainder when 922 is divided by 45?
22
What is the remainder when 9549 is divided by 3?
0
Calculate the remainder when 38203 is divided by 12734.
1
Calculate the remainder when 18105 is divided by 1093.
617
What is the remainder when 24356 is divided by 105?
101
What is the remainder when 2015 is divided by 181?
24
What is the remainder when 1508 is divided by 239?
74
Calculate the remainder when 3045 is divided by 1503.
39
What is the remainder when 50277 is divided by 8379?
3
Calculate the remainder when 49985 is divided by 357.
5
Calculate the remainder when 15749 is divided by 309.
299
What is the remainder when 592159 is divided by 197381?
16
Calculate the remainder when 8943 is divided by 130.
103
What is the remainder when 2484 is divided by 89?
81
What is the remainder when 11821 is divided by 11788?
33
What is the remainder when 1025 is divided by 1010?
15
What is the remainder when 111075 is divided by 33?
30
Calculate the remainder when 228807 is divided by 10.
7
What is the remainder when 1241547 is divided by 139?
138
What is the remainder when 174342 is divided by 4842?
30
What is the remainder when 1021 is divided by 138?
55
Calculate the remainder when 4897 is divided by 976.
17
What is the remainder when 2395 is divided by 768?
91
What is the remainder when 6664 is divided by 834?
826
What is the remainder when 36194 is divided by 50?
44
What is the remainder when 15844 is divided by 1833?
1180
What is the remainder when 678 is divided by 625?
53
Calculate the remainder when 45654 is divided by 39.
24
Calculate the remainder when 726306 is divided by 212.
206
Calculate the remainder when 111075 is divided by 187.
184
Calculate the remainder when 4890 is divided by 453.
360
Calculate the remainder when 18971 is divided by 9474.
23
What is the remainder when 76633 is divided by 68?
65
Calculate the remainder when 3780 is divided by 281.
127
What is the remainder when 447 is divided by 436?
11
What is the remainder when 7303 is divided by 134?
67
What is the remainder when 117379 is divided by 117350?
29
What is the remainder when 110138 is divided by 4235?
28
Calculate the remainder when 20182 is divided by 10057.
68
Calculate the remainder when 1345 is divided by 35.
15
Calculate the remainder when 15782 is divided by 7883.
16
Calculate the remainder when 3050 is divided by 12.
2
What is the remainder when 56112 is divided by 6233?
15
What is the remainder when 673 is divided by 457?
216
What is the remainder when 679894 is divided by 76?
74
Calculate the remainder when 6375 is divided by 30.
15
What is the remainder when 5469 is divided by 192?
93
What is the remainder when 182794 is divided by 6303?
7
Calculate the remainder when 3063 is divided by 397.
284
Calculate the remainder when 40509 is divided by 3214.
1941
What is the remainder when 17860 is divided by 1374?
1372
What is the remainder when 23966 is divided by 499?
14
Calculate the remainder when 58750 is divided by 29352.
46
Calculate the remainder when 25016 is divided by 269.
268
What is the remainder when 19990 is divided by 87?
67
What is the remainder when 26500 is divided by 8556?
832
Calculate the remainder when 4243 is divided by 1773.
697
What is the remainder when 1222 is divided by 174?
4
Calculate the remainder when 7384 is divided by 1812.
136
Calculate the remainder when 44285 is divided by 1921.
102
Calculate the remainder when 2084 is divided by 131.
119
What is the remainder when 4088 is divided by 1358?
14
What is the remainder when 18044 is divided by 368?
12
What is the remainder when 1025931 is divided by 30?
21
What is the remainder when 240796 is divided by 400?
396
Calculate the remainder when 1590 is divided by 207.
141
What is the remainder when 8590 is divided by 71?
70
Calculate the remainder when 8360 is divided by 4178.
4
What is the remainder when 4711 is divided by 23?
19
Calculate the remainder when 1377 is divided by 552.
273
What is the remainder when 29588 is divided by 38?
24
What is the remainder when 2257 is divided by 1706?
551
Calculate the remainder when 81119 is divided by 21.
17
What is the remainder when 644 is divided by 208?
20
What is the remainder when 22744 is divided by 198?
1